mainder when 10 is divided by 10/4 + 8/k?
1
Let u(v) = -v**3 - 4*v**2 + 9*v + 12. Calculate the remainder when 57 is divided by u(-6).
27
Suppose -7*t + t = -96. Suppose 5*p - p = 504. What is the remainder when p is divided by 4/(18/t + -1)?
30
Let l = -909 - -1482. What is the remainder when l is divided by 36?
33
Suppose 84*d - 30048 = 21780. Calculate the remainder when d is divided by 124.
121
What is the remainder when 503 is divided by 2743/247 + 2/(-19)?
8
Suppose 5*k - 4*k = 145. Calculate the remainder when k is divided by 74.
71
Suppose p - 6*p + 55 = 0. Suppose 4*v = -5*m + m + 172, 0 = -5*m - 3*v + 215. What is the remainder when m is divided by p?
10
Let o(i) = i**3 + i**2 + 39. Suppose 2*p + 8 = n + n, 0 = 2*p - 4*n + 16. Calculate the remainder when 77 is divided by o(p).
38
What is the remainder when 115 is divided by ((-1)/2*-29)/(46/92)?
28
Let k(x) = -121*x - 2. Let y be k(-2). Suppose b - y = -2*b. Suppose -4*q + 15 + 72 = -3*v, 5 = -5*v. What is the remainder when b is divided by q?
17
Suppose -11*x = -13*x + 10. Suppose 5*o + 260 = 5*a, -a + 10 = -x*o - 22. Suppose -a = 6*c - 9*c. Calculate the remainder when c is divided by 13.
6
Suppose 0 = 4*m - 5*c - 975, -35*m + 40*m - 1230 = 4*c. What is the remainder when m is divided by 7?
5
Suppose 9 = 2*i + j - 8, -4*j = -3*i - 2. Let m(d) = 9*d + 11 - d**2 + 3*d + 0*d. What is the remainder when m(11) is divided by i?
4
Let c = 241 - 214. What is the remainder when 103 is divided by c?
22
Suppose -5*n + 44 = -n. Let m be (-3)/(-21) - 44/14. Calculate the remainder when m/6*-68 + -2 is divided by n.
10
Let i be 6/(-10) - 7*(-9)/5. Suppose 134*b - 132*b = i. Let f = 6 - 3. What is the remainder when b is divided by f?
0
Suppose 3*r - 35 - 24 = 5*n, 0 = 3*n - 6. Calculate the remainder when 28 is divided by r.
5
Let g = -28 + 18. Let w = -6 - -9. What is the remainder when 15/(-75) - 112/g is divided by w?
2
Suppose 59*s - 63*s = -460. Calculate the remainder when s is divided by 36.
7
Suppose -4*s = -l - 144, 5*l = 2*s + 4 - 94. Suppose 0 - 16 = 4*g. Calculate the remainder when 1*-103*(g - -3) is divided by s.
33
Let a be (-2)/(-3)*(-54)/(-12). Let t be (-4)/6 - (-23)/a. Suppose t = -5*g + 72. What is the remainder when 38 is divided by g?
12
Let c be 5/(-20) + 510/(-8). Let v = 113 + c. What is the remainder when v is divided by 151 + -149 + (11 - 0)?
10
Let i(g) = -12*g + 53. What is the remainder when i(0) is divided by 27?
26
Suppose 4*g = 45 + 807. Calculate the remainder when g is divided by 31.
27
Let a = 391 + -390. Calculate the remainder when 9 is divided by a.
0
Let c = -22 + 25. Suppose l - 4*g = 5*l + 12, -5*g + 25 = -c*l. Let m(j) = 3*j**2 - 6*j + 7. What is the remainder when m(l) is divided by 38?
36
Let d be (25/(-5))/(1/(-6)). Let s = -17 + d. Suppose -5*x - 2*r = -4*x + 1, 0 = -x + 4*r + 23. Calculate the remainder when s is divided by x.
6
Let x(v) = 4*v**2 - 20*v + 26. What is the remainder when x(7) is divided by 57/2 - (-1)/(-2)?
26
Suppose 0 = -2*d - 5*t + 40, 5*d - 31 = 5*t + 104. Calculate the remainder when 148 is divided by d.
23
Suppose -26*c + 330 = -164. Calculate the remainder when 51 is divided by c.
13
Suppose h + 15 = 3*x - 2*h, 0 = -4*h - 8. Let a(s) = -2*s**3 + s**2 + 9*s + 3. What is the remainder when a(-2) is divided by x?
2
Let c(t) = 5*t**3 - 2*t**3 - 7*t**2 + 6*t - 4 - 8 - 2*t**3. Calculate the remainder when 57 is divided by c(7).
27
Suppose 3*z - 25 = 9*u + 122, -4*u = -5*z + 223. What is the remainder when z is divided by 25?
18
Let i(f) = 2*f + 35. Let a be 2/(-7) - (122/14 + 1). Suppose -124 = -2*r + 3*n, -5*r + n = -n - 299. Calculate the remainder when r is divided by i(a).
14
Let n(y) = -y**3 + 13*y**2 - 11*y - 12. Let i be n(10). Suppose -3*u + 260 = -i. Calculate the remainder when u is divided by 49.
48
Suppose -144 - 432 = -8*m. Calculate the remainder when 136 is divided by m.
64
Let d(z) = z - 1. Let a(w) = 13*w - 1. Let p be (-4)/10 - (-16)/(-10). Let k(q) = p*d(q) + a(q). What is the remainder when 22 is divided by k(1)?
10
Suppose 190 = -20*f + 390. Let x(m) = 5*m**2 - m - 3. Let y be x(5). Let n = -80 + y. What is the remainder when n is divided by f?
7
Let l = -169 - -231. What is the remainder when 121 is divided by l?
59
Let g = 98 - 42. What is the remainder when 56*-4*(-12)/g is divided by 25?
23
Suppose -2*b = -z + 11, 0 = -512*z + 509*z - 5*b + 77. Suppose -3*i = -23 - 181. Calculate the remainder when i is divided by z.
11
Suppose c = -2 + 13. Let g be 0/((-3)/3*2). Suppose -2*k + 17 = y - g*y, -4*y - 2*k + 74 = 0. Calculate the remainder when y is divided by c.
8
Let t(w) = 7*w. Calculate the remainder when t(10) is divided by 30.
10
Let c = -10 + 21. Let l = c - 21. Calculate the remainder when 35 is divided by (-45)/l*(2 + 2).
17
Let d(w) = 2*w**2 + 25*w + 21. Let f = -150 + 230. What is the remainder when f is divided by d(-12)?
8
Let h(o) = 2*o**2 + 35*o + 88. Suppose 0 = 4*t - 42 - 42. Calculate the remainder when t is divided by h(-15).
8
Suppose 242 + 313 = 15*t. What is the remainder when t is divided by 6/9 + 74/6?
11
Suppose 0 = -5*g + 4*o + 46 + 73, o = -1. What is the remainder when 61 is divided by g?
15
Suppose 10 = 2*f - 0*f, 5*f = 4*y - 7. Suppose -2*n - 10 = 4*i - 4*n, 2*i = 2*n - y. Let a = 64 - i. Calculate the remainder when a is divided by 17.
14
Suppose -7*m + 5*m = 852. What is the remainder when 117 is divided by 7/3 - 2 - m/18?
21
Suppose 22 = 2*d + 4*l - 36, l = 2*d - 63. Suppose 17 - 73 = -4*q - 4*n, -24 = -q + 4*n. What is the remainder when d is divided by q?
15
Suppose 2*u + 1 = 27. Let y = 506 - 297. Suppose -5*q = -46 - y. What is the remainder when q is divided by u?
12
Let m(y) = -y**2 - y + 7. Suppose j = -5*n - 2, -2*n + j + 1 = -1. What is the remainder when 3/(-15) - 412/(-10) is divided by m(n)?
6
What is the remainder when (-18)/81 - (-4436)/36 is divided by 34?
21
Let w(v) = v**3 - 5*v**2 - 7*v + 11. Let x be w(6). Suppose -p + 684 = x*a + 2*p, -278 = -2*a + p. Calculate the remainder when a is divided by 35.
33
Let p = 94 + -92. Suppose -2*d - 5*s + 0 = -41, p*d = -4*s + 38. Calculate the remainder when 58 is divided by d.
6
Let r(f) = -f**3 + 14*f**2 + 20*f + 12. What is the remainder when r(15) is divided by 10?
7
Let o = -742 + 821. What is the remainder when o is divided by 41?
38
Suppose 0*c - g - 21 = -5*c, -2*g = 2. Suppose i = -c*i + 15. Calculate the remainder when 7 is divided by i.
1
Suppose 0 = -4*u - 77 - 31. Let q = 44 + u. What is the remainder when 135 is divided by q?
16
Let g = 2226 + -2186. Calculate the remainder when 233 is divided by g.
33
Let b(g) = -8*g - 14. Suppose u - 2*u - 4*l - 23 = 0, 0 = -5*l - 25. Calculate the remainder when b(u) is divided by (0 + 4 - 1)*1.
1
Suppose -v = -j, 0*j - 5*j - 20 = 5*v. Let w(q) = -2*q**3 - q**2 - 3*q - 3. What is the remainder when w(v) is divided by 5?
0
Calculate the remainder when 165 is divided by 22/99 - (-561)/27.
18
Let d be 1/(4/2)*-2 + 92. Let v(l) = -l**2 + l + 4. Let n be v(-6). Let x = d + n. What is the remainder when x is divided by 14?
11
Let v(t) = -4*t - 8. Let f be v(9). Let z = f - -73. Let o = -176 + 290. Calculate the remainder when o is divided by z.
27
Let y(l) = 1 - 6 + 15*l + 12*l - 5. What is the remainder when y(4) is divided by 10?
8
What is the remainder when (10/2 - 450)*-1 is divided by 56?
53
Let y be 1*(0 + 2 - -1). Let k = y - -25. Calculate the remainder when 80 is divided by k.
24
Let t = 54 - 31. What is the remainder when 90 - 1*1/3*-3 is divided by t?
22
Suppose -7*s + 38*s = 837. Let o = 12 + -5. What is the remainder when s is divided by o?
6
Let c(g) = g**3 + 2*g**2 - g - 2. Let t be c(-2). Suppose -2*l + 162 - 30 = t. Suppose 6*q - 108 = l. Calculate the remainder when q is divided by 11.
7
Let j(i) = 21*i**2 - 2*i + 14. Suppose 5*x + 3*w - 66 = -w, -2*x + 2*w + 12 = 0. What is the remainder when j(-3) is divided by x?
9
Let d be ((-1)/(-2))/((-17)/(-102)). Suppose 0 = 3*j + j - 5*v - 93, -4*j + 83 = -d*v. Calculate the remainder when j is divided by 8.
1
Calculate the remainder when 314 is divided by ((-236)/295)/((-1)/120).
26
Suppose -51 = -3*n + 5*l, -75*n - 2*l + 18 = -73*n. Calculate the remainder when 55 is divided by n.
7
Calculate the remainder when 